{"id":130,"date":"2025-10-15T16:05:51","date_gmt":"2025-10-15T16:05:51","guid":{"rendered":"https:\/\/home-hub.hu\/?page_id=130"},"modified":"2025-11-02T10:49:13","modified_gmt":"2025-11-02T10:49:13","slug":"galeria","status":"publish","type":"page","link":"https:\/\/home-hub.hu\/index.php\/galeria\/","title":{"rendered":"Gal\u00e9ria"},"content":{"rendered":"\t\t<div data-elementor-type=\"wp-page\" data-elementor-id=\"130\" class=\"elementor elementor-130\" data-elementor-post-type=\"page\">\n\t\t\t\t<div class=\"elementor-element elementor-element-0102f56 e-flex e-con-boxed e-con e-parent\" data-id=\"0102f56\" data-element_type=\"container\" data-settings=\"{&quot;background_background&quot;:&quot;classic&quot;}\">\n\t\t\t\t\t<div class=\"e-con-inner\">\n\t\t\t\t<div class=\"elementor-element elementor-element-844de1a elementor-widget elementor-widget-heading\" data-id=\"844de1a\" data-element_type=\"widget\" data-widget_type=\"heading.default\">\n\t\t\t\t\t<h2 class=\"elementor-heading-title elementor-size-default\">Kor\u00e1bbi munk\u00e1inkr\u00f3l<\/h2>\t\t\t\t<\/div>\n\t\t\t\t<div class=\"elementor-element elementor-element-d66be87 elementor-widget elementor-widget-heading\" data-id=\"d66be87\" data-element_type=\"widget\" data-widget_type=\"heading.default\">\n\t\t\t\t\t<h2 class=\"elementor-heading-title elementor-size-default\">Gal\u00e9ria<\/h2>\t\t\t\t<\/div>\n\t\t\t\t\t<\/div>\n\t\t\t\t<\/div>\n\t\t<div class=\"elementor-element elementor-element-8b7c753 e-flex e-con-boxed e-con e-parent\" data-id=\"8b7c753\" data-element_type=\"container\">\n\t\t\t\t\t<div class=\"e-con-inner\">\n\t\t\t\t<div class=\"elementor-element elementor-element-bb1e668 elementor-widget elementor-widget-gallery\" data-id=\"bb1e668\" data-element_type=\"widget\" data-settings=\"{&quot;columns&quot;:3,&quot;gallery_layout&quot;:&quot;masonry&quot;,&quot;gap&quot;:{&quot;unit&quot;:&quot;px&quot;,&quot;size&quot;:3,&quot;sizes&quot;:[]},&quot;lazyload&quot;:&quot;yes&quot;,&quot;columns_tablet&quot;:2,&quot;columns_mobile&quot;:1,&quot;gap_tablet&quot;:{&quot;unit&quot;:&quot;px&quot;,&quot;size&quot;:10,&quot;sizes&quot;:[]},&quot;gap_mobile&quot;:{&quot;unit&quot;:&quot;px&quot;,&quot;size&quot;:10,&quot;sizes&quot;:[]},&quot;link_to&quot;:&quot;file&quot;,&quot;overlay_background&quot;:&quot;yes&quot;,&quot;content_hover_animation&quot;:&quot;fade-in&quot;}\" data-widget_type=\"gallery.default\">\n\t\t\t\t\t\t\t<div class=\"elementor-gallery__container\">\n\t\t\t\t\t\t\t<a class=\"e-gallery-item elementor-gallery-item elementor-animated-content\" href=\"https:\/\/home-hub.hu\/wp-content\/uploads\/2025\/10\/484871353_644163181903048_125650829774109924_n-min.jpg\" data-elementor-open-lightbox=\"yes\" data-elementor-lightbox-slideshow=\"bb1e668\" data-elementor-lightbox-title=\"484871353_644163181903048_125650829774109924_n-min\" data-e-action-hash=\"#elementor-action%3Aaction%3Dlightbox%26settings%3DeyJpZCI6MzA2LCJ1cmwiOiJodHRwczpcL1wvaG9tZS1odWIuaHVcL3dwLWNvbnRlbnRcL3VwbG9hZHNcLzIwMjVcLzEwXC80ODQ4NzEzNTNfNjQ0MTYzMTgxOTAzMDQ4XzEyNTY1MDgyOTc3NDEwOTkyNF9uLW1pbi5qcGciLCJzbGlkZXNob3ciOiJiYjFlNjY4In0%3D\">\n\t\t\t\t\t<div class=\"e-gallery-image elementor-gallery-item__image\" data-thumbnail=\"https:\/\/home-hub.hu\/wp-content\/uploads\/2025\/10\/484871353_644163181903048_125650829774109924_n-min-768x1024.jpg\" data-width=\"768\" data-height=\"1024\" aria-label=\"\" role=\"img\" ><\/div>\n\t\t\t\t\t\t\t\t\t\t\t<div class=\"elementor-gallery-item__overlay\"><\/div>\n\t\t\t\t\t\t\t\t\t\t\t\t\t\t<\/a>\n\t\t\t\t\t\t\t<a class=\"e-gallery-item elementor-gallery-item elementor-animated-content\" href=\"https:\/\/home-hub.hu\/wp-content\/uploads\/2025\/10\/473619510_122175820952052810_9147265273774493184_n-min.jpg\" data-elementor-open-lightbox=\"yes\" data-elementor-lightbox-slideshow=\"bb1e668\" data-elementor-lightbox-title=\"473619510_122175820952052810_9147265273774493184_n-min\" data-e-action-hash=\"#elementor-action%3Aaction%3Dlightbox%26settings%3DeyJpZCI6MjEzLCJ1cmwiOiJodHRwczpcL1wvaG9tZS1odWIuaHVcL3dwLWNvbnRlbnRcL3VwbG9hZHNcLzIwMjVcLzEwXC80NzM2MTk1MTBfMTIyMTc1ODIwOTUyMDUyODEwXzkxNDcyNjUyNzM3NzQ0OTMxODRfbi1taW4uanBnIiwic2xpZGVzaG93IjoiYmIxZTY2OCJ9\">\n\t\t\t\t\t<div class=\"e-gallery-image elementor-gallery-item__image\" data-thumbnail=\"https:\/\/home-hub.hu\/wp-content\/uploads\/2025\/10\/473619510_122175820952052810_9147265273774493184_n-min-1024x769.jpg\" data-width=\"800\" data-height=\"601\" aria-label=\"\" role=\"img\" ><\/div>\n\t\t\t\t\t\t\t\t\t\t\t<div class=\"elementor-gallery-item__overlay\"><\/div>\n\t\t\t\t\t\t\t\t\t\t\t\t\t\t<\/a>\n\t\t\t\t\t\t\t<a class=\"e-gallery-item elementor-gallery-item elementor-animated-content\" href=\"https:\/\/home-hub.hu\/wp-content\/uploads\/2025\/10\/469625497_122171077292052810_6796081040923472569_n-min.jpg\" data-elementor-open-lightbox=\"yes\" data-elementor-lightbox-slideshow=\"bb1e668\" data-elementor-lightbox-title=\"469625497_122171077292052810_6796081040923472569_n-min\" data-e-action-hash=\"#elementor-action%3Aaction%3Dlightbox%26settings%3DeyJpZCI6MjEwLCJ1cmwiOiJodHRwczpcL1wvaG9tZS1odWIuaHVcL3dwLWNvbnRlbnRcL3VwbG9hZHNcLzIwMjVcLzEwXC80Njk2MjU0OTdfMTIyMTcxMDc3MjkyMDUyODEwXzY3OTYwODEwNDA5MjM0NzI1Njlfbi1taW4uanBnIiwic2xpZGVzaG93IjoiYmIxZTY2OCJ9\">\n\t\t\t\t\t<div class=\"e-gallery-image elementor-gallery-item__image\" data-thumbnail=\"https:\/\/home-hub.hu\/wp-content\/uploads\/2025\/10\/469625497_122171077292052810_6796081040923472569_n-min-1024x1024.jpg\" data-width=\"800\" data-height=\"800\" aria-label=\"\" role=\"img\" ><\/div>\n\t\t\t\t\t\t\t\t\t\t\t<div class=\"elementor-gallery-item__overlay\"><\/div>\n\t\t\t\t\t\t\t\t\t\t\t\t\t\t<\/a>\n\t\t\t\t\t\t\t<a class=\"e-gallery-item elementor-gallery-item elementor-animated-content\" href=\"https:\/\/home-hub.hu\/wp-content\/uploads\/2025\/11\/a6590a7f-b67b-46ec-9403-f67b85457f6a-1_all_113-min-scaled.jpg\" data-elementor-open-lightbox=\"yes\" data-elementor-lightbox-slideshow=\"bb1e668\" data-elementor-lightbox-title=\"a6590a7f-b67b-46ec-9403-f67b85457f6a-1_all_113-min\" data-e-action-hash=\"#elementor-action%3Aaction%3Dlightbox%26settings%3DeyJpZCI6NDYxLCJ1cmwiOiJodHRwczpcL1wvaG9tZS1odWIuaHVcL3dwLWNvbnRlbnRcL3VwbG9hZHNcLzIwMjVcLzExXC9hNjU5MGE3Zi1iNjdiLTQ2ZWMtOTQwMy1mNjdiODU0NTdmNmEtMV9hbGxfMTEzLW1pbi1zY2FsZWQuanBnIiwic2xpZGVzaG93IjoiYmIxZTY2OCJ9\">\n\t\t\t\t\t<div class=\"e-gallery-image elementor-gallery-item__image\" data-thumbnail=\"https:\/\/home-hub.hu\/wp-content\/uploads\/2025\/11\/a6590a7f-b67b-46ec-9403-f67b85457f6a-1_all_113-min-768x1024.jpg\" data-width=\"768\" data-height=\"1024\" aria-label=\"\" role=\"img\" ><\/div>\n\t\t\t\t\t\t\t\t\t\t\t<div class=\"elementor-gallery-item__overlay\"><\/div>\n\t\t\t\t\t\t\t\t\t\t\t\t\t\t<\/a>\n\t\t\t\t\t\t\t<a class=\"e-gallery-item elementor-gallery-item elementor-animated-content\" href=\"https:\/\/home-hub.hu\/wp-content\/uploads\/2025\/10\/20240610_102641-COLLAGE-min-scaled.jpg\" data-elementor-open-lightbox=\"yes\" data-elementor-lightbox-slideshow=\"bb1e668\" data-elementor-lightbox-title=\"20240610_102641-COLLAGE-min\" data-e-action-hash=\"#elementor-action%3Aaction%3Dlightbox%26settings%3DeyJpZCI6MTAxLCJ1cmwiOiJodHRwczpcL1wvaG9tZS1odWIuaHVcL3dwLWNvbnRlbnRcL3VwbG9hZHNcLzIwMjVcLzEwXC8yMDI0MDYxMF8xMDI2NDEtQ09MTEFHRS1taW4tc2NhbGVkLmpwZyIsInNsaWRlc2hvdyI6ImJiMWU2NjgifQ%3D%3D\">\n\t\t\t\t\t<div class=\"e-gallery-image elementor-gallery-item__image\" data-thumbnail=\"https:\/\/home-hub.hu\/wp-content\/uploads\/2025\/10\/20240610_102641-COLLAGE-min-1024x769.jpg\" data-width=\"800\" data-height=\"601\" aria-label=\"\" role=\"img\" ><\/div>\n\t\t\t\t\t\t\t\t\t\t\t<div class=\"elementor-gallery-item__overlay\"><\/div>\n\t\t\t\t\t\t\t\t\t\t\t\t\t\t<\/a>\n\t\t\t\t\t\t\t<a class=\"e-gallery-item elementor-gallery-item elementor-animated-content\" href=\"https:\/\/home-hub.hu\/wp-content\/uploads\/2025\/10\/484904036_644170988568934_7549117153643504208_n-min.jpg\" data-elementor-open-lightbox=\"yes\" data-elementor-lightbox-slideshow=\"bb1e668\" data-elementor-lightbox-title=\"484904036_644170988568934_7549117153643504208_n-min\" data-e-action-hash=\"#elementor-action%3Aaction%3Dlightbox%26settings%3DeyJpZCI6MzA3LCJ1cmwiOiJodHRwczpcL1wvaG9tZS1odWIuaHVcL3dwLWNvbnRlbnRcL3VwbG9hZHNcLzIwMjVcLzEwXC80ODQ5MDQwMzZfNjQ0MTcwOTg4NTY4OTM0Xzc1NDkxMTcxNTM2NDM1MDQyMDhfbi1taW4uanBnIiwic2xpZGVzaG93IjoiYmIxZTY2OCJ9\">\n\t\t\t\t\t<div class=\"e-gallery-image elementor-gallery-item__image\" data-thumbnail=\"https:\/\/home-hub.hu\/wp-content\/uploads\/2025\/10\/484904036_644170988568934_7549117153643504208_n-min-768x1024.jpg\" data-width=\"768\" data-height=\"1024\" aria-label=\"\" role=\"img\" ><\/div>\n\t\t\t\t\t\t\t\t\t\t\t<div class=\"elementor-gallery-item__overlay\"><\/div>\n\t\t\t\t\t\t\t\t\t\t\t\t\t\t<\/a>\n\t\t\t\t\t\t\t<a class=\"e-gallery-item elementor-gallery-item elementor-animated-content\" href=\"https:\/\/home-hub.hu\/wp-content\/uploads\/2025\/10\/485922337_647987511520615_5204339403555803139_n.jpg\" data-elementor-open-lightbox=\"yes\" data-elementor-lightbox-slideshow=\"bb1e668\" data-elementor-lightbox-title=\"485922337_647987511520615_5204339403555803139_n\" data-e-action-hash=\"#elementor-action%3Aaction%3Dlightbox%26settings%3DeyJpZCI6MzA5LCJ1cmwiOiJodHRwczpcL1wvaG9tZS1odWIuaHVcL3dwLWNvbnRlbnRcL3VwbG9hZHNcLzIwMjVcLzEwXC80ODU5MjIzMzdfNjQ3OTg3NTExNTIwNjE1XzUyMDQzMzk0MDM1NTU4MDMxMzlfbi5qcGciLCJzbGlkZXNob3ciOiJiYjFlNjY4In0%3D\">\n\t\t\t\t\t<div class=\"e-gallery-image elementor-gallery-item__image\" data-thumbnail=\"https:\/\/home-hub.hu\/wp-content\/uploads\/2025\/10\/485922337_647987511520615_5204339403555803139_n-1024x1024.jpg\" data-width=\"800\" data-height=\"800\" aria-label=\"\" role=\"img\" ><\/div>\n\t\t\t\t\t\t\t\t\t\t\t<div class=\"elementor-gallery-item__overlay\"><\/div>\n\t\t\t\t\t\t\t\t\t\t\t\t\t\t<\/a>\n\t\t\t\t\t\t\t<a class=\"e-gallery-item elementor-gallery-item elementor-animated-content\" href=\"https:\/\/home-hub.hu\/wp-content\/uploads\/2025\/10\/482064098_670381178759469_7007774835168729811_n-min.jpg\" data-elementor-open-lightbox=\"yes\" data-elementor-lightbox-slideshow=\"bb1e668\" data-elementor-lightbox-title=\"482064098_670381178759469_7007774835168729811_n-min\" data-e-action-hash=\"#elementor-action%3Aaction%3Dlightbox%26settings%3DeyJpZCI6MzA1LCJ1cmwiOiJodHRwczpcL1wvaG9tZS1odWIuaHVcL3dwLWNvbnRlbnRcL3VwbG9hZHNcLzIwMjVcLzEwXC80ODIwNjQwOThfNjcwMzgxMTc4NzU5NDY5XzcwMDc3NzQ4MzUxNjg3Mjk4MTFfbi1taW4uanBnIiwic2xpZGVzaG93IjoiYmIxZTY2OCJ9\">\n\t\t\t\t\t<div class=\"e-gallery-image elementor-gallery-item__image\" data-thumbnail=\"https:\/\/home-hub.hu\/wp-content\/uploads\/2025\/10\/482064098_670381178759469_7007774835168729811_n-min-1024x1024.jpg\" data-width=\"800\" data-height=\"800\" aria-label=\"\" role=\"img\" ><\/div>\n\t\t\t\t\t\t\t\t\t\t\t<div class=\"elementor-gallery-item__overlay\"><\/div>\n\t\t\t\t\t\t\t\t\t\t\t\t\t\t<\/a>\n\t\t\t\t\t\t\t<a class=\"e-gallery-item elementor-gallery-item elementor-animated-content\" href=\"https:\/\/home-hub.hu\/wp-content\/uploads\/2025\/10\/485083971_647987611520605_7310294458938151222_n-min.jpg\" data-elementor-open-lightbox=\"yes\" data-elementor-lightbox-slideshow=\"bb1e668\" data-elementor-lightbox-title=\"485083971_647987611520605_7310294458938151222_n-min\" data-e-action-hash=\"#elementor-action%3Aaction%3Dlightbox%26settings%3DeyJpZCI6MzA4LCJ1cmwiOiJodHRwczpcL1wvaG9tZS1odWIuaHVcL3dwLWNvbnRlbnRcL3VwbG9hZHNcLzIwMjVcLzEwXC80ODUwODM5NzFfNjQ3OTg3NjExNTIwNjA1XzczMTAyOTQ0NTg5MzgxNTEyMjJfbi1taW4uanBnIiwic2xpZGVzaG93IjoiYmIxZTY2OCJ9\">\n\t\t\t\t\t<div class=\"e-gallery-image elementor-gallery-item__image\" data-thumbnail=\"https:\/\/home-hub.hu\/wp-content\/uploads\/2025\/10\/485083971_647987611520605_7310294458938151222_n-min-1024x1024.jpg\" data-width=\"800\" data-height=\"800\" aria-label=\"\" role=\"img\" ><\/div>\n\t\t\t\t\t\t\t\t\t\t\t<div class=\"elementor-gallery-item__overlay\"><\/div>\n\t\t\t\t\t\t\t\t\t\t\t\t\t\t<\/a>\n\t\t\t\t\t\t\t<a class=\"e-gallery-item elementor-gallery-item elementor-animated-content\" href=\"https:\/\/home-hub.hu\/wp-content\/uploads\/2025\/11\/1000001327-min-scaled.jpg\" data-elementor-open-lightbox=\"yes\" data-elementor-lightbox-slideshow=\"bb1e668\" data-elementor-lightbox-title=\"1000001327-min\" data-e-action-hash=\"#elementor-action%3Aaction%3Dlightbox%26settings%3DeyJpZCI6NDYwLCJ1cmwiOiJodHRwczpcL1wvaG9tZS1odWIuaHVcL3dwLWNvbnRlbnRcL3VwbG9hZHNcLzIwMjVcLzExXC8xMDAwMDAxMzI3LW1pbi1zY2FsZWQuanBnIiwic2xpZGVzaG93IjoiYmIxZTY2OCJ9\">\n\t\t\t\t\t<div class=\"e-gallery-image elementor-gallery-item__image\" data-thumbnail=\"https:\/\/home-hub.hu\/wp-content\/uploads\/2025\/11\/1000001327-min-1024x1024.jpg\" data-width=\"800\" data-height=\"800\" aria-label=\"\" role=\"img\" ><\/div>\n\t\t\t\t\t\t\t\t\t\t\t<div class=\"elementor-gallery-item__overlay\"><\/div>\n\t\t\t\t\t\t\t\t\t\t\t\t\t\t<\/a>\n\t\t\t\t\t\t\t<a class=\"e-gallery-item elementor-gallery-item elementor-animated-content\" href=\"https:\/\/home-hub.hu\/wp-content\/uploads\/2025\/11\/1000000578-min-scaled.jpg\" data-elementor-open-lightbox=\"yes\" data-elementor-lightbox-slideshow=\"bb1e668\" data-elementor-lightbox-title=\"1000000578-min\" data-e-action-hash=\"#elementor-action%3Aaction%3Dlightbox%26settings%3DeyJpZCI6NDU5LCJ1cmwiOiJodHRwczpcL1wvaG9tZS1odWIuaHVcL3dwLWNvbnRlbnRcL3VwbG9hZHNcLzIwMjVcLzExXC8xMDAwMDAwNTc4LW1pbi1zY2FsZWQuanBnIiwic2xpZGVzaG93IjoiYmIxZTY2OCJ9\">\n\t\t\t\t\t<div class=\"e-gallery-image elementor-gallery-item__image\" data-thumbnail=\"https:\/\/home-hub.hu\/wp-content\/uploads\/2025\/11\/1000000578-min-1024x759.jpg\" data-width=\"800\" data-height=\"593\" aria-label=\"\" role=\"img\" ><\/div>\n\t\t\t\t\t\t\t\t\t\t\t<div class=\"elementor-gallery-item__overlay\"><\/div>\n\t\t\t\t\t\t\t\t\t\t\t\t\t\t<\/a>\n\t\t\t\t\t\t\t<a class=\"e-gallery-item elementor-gallery-item elementor-animated-content\" href=\"https:\/\/home-hub.hu\/wp-content\/uploads\/2025\/10\/482200426_122180740388052810_3621847193277972265_n-min.jpg\" data-elementor-open-lightbox=\"yes\" data-elementor-lightbox-slideshow=\"bb1e668\" data-elementor-lightbox-title=\"482200426_122180740388052810_3621847193277972265_n-min\" data-e-action-hash=\"#elementor-action%3Aaction%3Dlightbox%26settings%3DeyJpZCI6MjE0LCJ1cmwiOiJodHRwczpcL1wvaG9tZS1odWIuaHVcL3dwLWNvbnRlbnRcL3VwbG9hZHNcLzIwMjVcLzEwXC80ODIyMDA0MjZfMTIyMTgwNzQwMzg4MDUyODEwXzM2MjE4NDcxOTMyNzc5NzIyNjVfbi1taW4uanBnIiwic2xpZGVzaG93IjoiYmIxZTY2OCJ9\">\n\t\t\t\t\t<div class=\"e-gallery-image elementor-gallery-item__image\" data-thumbnail=\"https:\/\/home-hub.hu\/wp-content\/uploads\/2025\/10\/482200426_122180740388052810_3621847193277972265_n-min-1024x769.jpg\" data-width=\"800\" data-height=\"601\" aria-label=\"\" role=\"img\" ><\/div>\n\t\t\t\t\t\t\t\t\t\t\t<div class=\"elementor-gallery-item__overlay\"><\/div>\n\t\t\t\t\t\t\t\t\t\t\t\t\t\t<\/a>\n\t\t\t\t\t\t\t<a class=\"e-gallery-item elementor-gallery-item elementor-animated-content\" href=\"https:\/\/home-hub.hu\/wp-content\/uploads\/2025\/10\/473591952_122175821156052810_1543661425484969702_n-min.jpg\" data-elementor-open-lightbox=\"yes\" data-elementor-lightbox-slideshow=\"bb1e668\" data-elementor-lightbox-title=\"473591952_122175821156052810_1543661425484969702_n-min\" data-e-action-hash=\"#elementor-action%3Aaction%3Dlightbox%26settings%3DeyJpZCI6MjEyLCJ1cmwiOiJodHRwczpcL1wvaG9tZS1odWIuaHVcL3dwLWNvbnRlbnRcL3VwbG9hZHNcLzIwMjVcLzEwXC80NzM1OTE5NTJfMTIyMTc1ODIxMTU2MDUyODEwXzE1NDM2NjE0MjU0ODQ5Njk3MDJfbi1taW4uanBnIiwic2xpZGVzaG93IjoiYmIxZTY2OCJ9\">\n\t\t\t\t\t<div class=\"e-gallery-image elementor-gallery-item__image\" data-thumbnail=\"https:\/\/home-hub.hu\/wp-content\/uploads\/2025\/10\/473591952_122175821156052810_1543661425484969702_n-min-1024x769.jpg\" data-width=\"800\" data-height=\"601\" aria-label=\"\" role=\"img\" ><\/div>\n\t\t\t\t\t\t\t\t\t\t\t<div class=\"elementor-gallery-item__overlay\"><\/div>\n\t\t\t\t\t\t\t\t\t\t\t\t\t\t<\/a>\n\t\t\t\t\t\t\t<a class=\"e-gallery-item elementor-gallery-item elementor-animated-content\" href=\"https:\/\/home-hub.hu\/wp-content\/uploads\/2025\/10\/20240610_102312-COLLAGE-min-scaled.jpg\" data-elementor-open-lightbox=\"yes\" data-elementor-lightbox-slideshow=\"bb1e668\" data-elementor-lightbox-title=\"20240610_102312-COLLAGE-min\" data-e-action-hash=\"#elementor-action%3Aaction%3Dlightbox%26settings%3DeyJpZCI6OTksInVybCI6Imh0dHBzOlwvXC9ob21lLWh1Yi5odVwvd3AtY29udGVudFwvdXBsb2Fkc1wvMjAyNVwvMTBcLzIwMjQwNjEwXzEwMjMxMi1DT0xMQUdFLW1pbi1zY2FsZWQuanBnIiwic2xpZGVzaG93IjoiYmIxZTY2OCJ9\">\n\t\t\t\t\t<div class=\"e-gallery-image elementor-gallery-item__image\" data-thumbnail=\"https:\/\/home-hub.hu\/wp-content\/uploads\/2025\/10\/20240610_102312-COLLAGE-min-1024x769.jpg\" data-width=\"800\" data-height=\"601\" aria-label=\"\" role=\"img\" ><\/div>\n\t\t\t\t\t\t\t\t\t\t\t<div class=\"elementor-gallery-item__overlay\"><\/div>\n\t\t\t\t\t\t\t\t\t\t\t\t\t\t<\/a>\n\t\t\t\t\t\t\t<a class=\"e-gallery-item elementor-gallery-item elementor-animated-content\" href=\"https:\/\/home-hub.hu\/wp-content\/uploads\/2025\/10\/473588267_122175821168052810_2636948502047245880_n-min.jpg\" data-elementor-open-lightbox=\"yes\" data-elementor-lightbox-slideshow=\"bb1e668\" data-elementor-lightbox-title=\"473588267_122175821168052810_2636948502047245880_n-min\" data-e-action-hash=\"#elementor-action%3Aaction%3Dlightbox%26settings%3DeyJpZCI6MjExLCJ1cmwiOiJodHRwczpcL1wvaG9tZS1odWIuaHVcL3dwLWNvbnRlbnRcL3VwbG9hZHNcLzIwMjVcLzEwXC80NzM1ODgyNjdfMTIyMTc1ODIxMTY4MDUyODEwXzI2MzY5NDg1MDIwNDcyNDU4ODBfbi1taW4uanBnIiwic2xpZGVzaG93IjoiYmIxZTY2OCJ9\">\n\t\t\t\t\t<div class=\"e-gallery-image elementor-gallery-item__image\" data-thumbnail=\"https:\/\/home-hub.hu\/wp-content\/uploads\/2025\/10\/473588267_122175821168052810_2636948502047245880_n-min-1024x769.jpg\" data-width=\"800\" data-height=\"601\" aria-label=\"\" role=\"img\" ><\/div>\n\t\t\t\t\t\t\t\t\t\t\t<div class=\"elementor-gallery-item__overlay\"><\/div>\n\t\t\t\t\t\t\t\t\t\t\t\t\t\t<\/a>\n\t\t\t\t\t\t\t<a class=\"e-gallery-item elementor-gallery-item elementor-animated-content\" href=\"https:\/\/home-hub.hu\/wp-content\/uploads\/2025\/10\/20240610_102237-COLLAGE-min-scaled.jpg\" data-elementor-open-lightbox=\"yes\" data-elementor-lightbox-slideshow=\"bb1e668\" data-elementor-lightbox-title=\"20240610_102237-COLLAGE-min\" data-e-action-hash=\"#elementor-action%3Aaction%3Dlightbox%26settings%3DeyJpZCI6OTgsInVybCI6Imh0dHBzOlwvXC9ob21lLWh1Yi5odVwvd3AtY29udGVudFwvdXBsb2Fkc1wvMjAyNVwvMTBcLzIwMjQwNjEwXzEwMjIzNy1DT0xMQUdFLW1pbi1zY2FsZWQuanBnIiwic2xpZGVzaG93IjoiYmIxZTY2OCJ9\">\n\t\t\t\t\t<div class=\"e-gallery-image elementor-gallery-item__image\" data-thumbnail=\"https:\/\/home-hub.hu\/wp-content\/uploads\/2025\/10\/20240610_102237-COLLAGE-min-1024x769.jpg\" data-width=\"800\" data-height=\"601\" aria-label=\"\" role=\"img\" ><\/div>\n\t\t\t\t\t\t\t\t\t\t\t<div class=\"elementor-gallery-item__overlay\"><\/div>\n\t\t\t\t\t\t\t\t\t\t\t\t\t\t<\/a>\n\t\t\t\t\t\t\t<a class=\"e-gallery-item elementor-gallery-item elementor-animated-content\" href=\"https:\/\/home-hub.hu\/wp-content\/uploads\/2025\/11\/a6590a7f-b67b-46ec-9403-f67b85457f6a-1_all_904-min.jpg\" data-elementor-open-lightbox=\"yes\" data-elementor-lightbox-slideshow=\"bb1e668\" data-elementor-lightbox-title=\"a6590a7f-b67b-46ec-9403-f67b85457f6a-1_all_904-min\" data-e-action-hash=\"#elementor-action%3Aaction%3Dlightbox%26settings%3DeyJpZCI6NDYzLCJ1cmwiOiJodHRwczpcL1wvaG9tZS1odWIuaHVcL3dwLWNvbnRlbnRcL3VwbG9hZHNcLzIwMjVcLzExXC9hNjU5MGE3Zi1iNjdiLTQ2ZWMtOTQwMy1mNjdiODU0NTdmNmEtMV9hbGxfOTA0LW1pbi5qcGciLCJzbGlkZXNob3ciOiJiYjFlNjY4In0%3D\">\n\t\t\t\t\t<div class=\"e-gallery-image elementor-gallery-item__image\" data-thumbnail=\"https:\/\/home-hub.hu\/wp-content\/uploads\/2025\/11\/a6590a7f-b67b-46ec-9403-f67b85457f6a-1_all_904-min.jpg\" data-width=\"600\" data-height=\"800\" aria-label=\"\" role=\"img\" ><\/div>\n\t\t\t\t\t\t\t\t\t\t\t<div class=\"elementor-gallery-item__overlay\"><\/div>\n\t\t\t\t\t\t\t\t\t\t\t\t\t\t<\/a>\n\t\t\t\t\t\t\t<a class=\"e-gallery-item elementor-gallery-item elementor-animated-content\" href=\"https:\/\/home-hub.hu\/wp-content\/uploads\/2025\/11\/a6590a7f-b67b-46ec-9403-f67b85457f6a-1_all_1065-min-scaled.jpg\" data-elementor-open-lightbox=\"yes\" data-elementor-lightbox-slideshow=\"bb1e668\" data-elementor-lightbox-title=\"a6590a7f-b67b-46ec-9403-f67b85457f6a-1_all_1065-min\" data-e-action-hash=\"#elementor-action%3Aaction%3Dlightbox%26settings%3DeyJpZCI6NDY1LCJ1cmwiOiJodHRwczpcL1wvaG9tZS1odWIuaHVcL3dwLWNvbnRlbnRcL3VwbG9hZHNcLzIwMjVcLzExXC9hNjU5MGE3Zi1iNjdiLTQ2ZWMtOTQwMy1mNjdiODU0NTdmNmEtMV9hbGxfMTA2NS1taW4tc2NhbGVkLmpwZyIsInNsaWRlc2hvdyI6ImJiMWU2NjgifQ%3D%3D\">\n\t\t\t\t\t<div class=\"e-gallery-image elementor-gallery-item__image\" data-thumbnail=\"https:\/\/home-hub.hu\/wp-content\/uploads\/2025\/11\/a6590a7f-b67b-46ec-9403-f67b85457f6a-1_all_1065-min-768x1024.jpg\" data-width=\"768\" data-height=\"1024\" aria-label=\"\" role=\"img\" ><\/div>\n\t\t\t\t\t\t\t\t\t\t\t<div class=\"elementor-gallery-item__overlay\"><\/div>\n\t\t\t\t\t\t\t\t\t\t\t\t\t\t<\/a>\n\t\t\t\t\t\t\t<a class=\"e-gallery-item elementor-gallery-item elementor-animated-content\" href=\"https:\/\/home-hub.hu\/wp-content\/uploads\/2025\/11\/a6590a7f-b67b-46ec-9403-f67b85457f6a-1_all_1002-min-scaled.jpg\" data-elementor-open-lightbox=\"yes\" data-elementor-lightbox-slideshow=\"bb1e668\" data-elementor-lightbox-title=\"a6590a7f-b67b-46ec-9403-f67b85457f6a-1_all_1002-min\" data-e-action-hash=\"#elementor-action%3Aaction%3Dlightbox%26settings%3DeyJpZCI6NDY0LCJ1cmwiOiJodHRwczpcL1wvaG9tZS1odWIuaHVcL3dwLWNvbnRlbnRcL3VwbG9hZHNcLzIwMjVcLzExXC9hNjU5MGE3Zi1iNjdiLTQ2ZWMtOTQwMy1mNjdiODU0NTdmNmEtMV9hbGxfMTAwMi1taW4tc2NhbGVkLmpwZyIsInNsaWRlc2hvdyI6ImJiMWU2NjgifQ%3D%3D\">\n\t\t\t\t\t<div class=\"e-gallery-image elementor-gallery-item__image\" data-thumbnail=\"https:\/\/home-hub.hu\/wp-content\/uploads\/2025\/11\/a6590a7f-b67b-46ec-9403-f67b85457f6a-1_all_1002-min-768x1024.jpg\" data-width=\"768\" data-height=\"1024\" aria-label=\"\" role=\"img\" ><\/div>\n\t\t\t\t\t\t\t\t\t\t\t<div class=\"elementor-gallery-item__overlay\"><\/div>\n\t\t\t\t\t\t\t\t\t\t\t\t\t\t<\/a>\n\t\t\t\t\t\t\t<a class=\"e-gallery-item elementor-gallery-item elementor-animated-content\" href=\"https:\/\/home-hub.hu\/wp-content\/uploads\/2025\/10\/20240610_102447-COLLAGE-min-scaled.jpg\" data-elementor-open-lightbox=\"yes\" data-elementor-lightbox-slideshow=\"bb1e668\" data-elementor-lightbox-title=\"20240610_102447-COLLAGE-min\" data-e-action-hash=\"#elementor-action%3Aaction%3Dlightbox%26settings%3DeyJpZCI6MTAwLCJ1cmwiOiJodHRwczpcL1wvaG9tZS1odWIuaHVcL3dwLWNvbnRlbnRcL3VwbG9hZHNcLzIwMjVcLzEwXC8yMDI0MDYxMF8xMDI0NDctQ09MTEFHRS1taW4tc2NhbGVkLmpwZyIsInNsaWRlc2hvdyI6ImJiMWU2NjgifQ%3D%3D\">\n\t\t\t\t\t<div class=\"e-gallery-image elementor-gallery-item__image\" data-thumbnail=\"https:\/\/home-hub.hu\/wp-content\/uploads\/2025\/10\/20240610_102447-COLLAGE-min-1024x769.jpg\" data-width=\"800\" data-height=\"601\" aria-label=\"\" role=\"img\" ><\/div>\n\t\t\t\t\t\t\t\t\t\t\t<div class=\"elementor-gallery-item__overlay\"><\/div>\n\t\t\t\t\t\t\t\t\t\t\t\t\t\t<\/a>\n\t\t\t\t\t\t\t<a class=\"e-gallery-item elementor-gallery-item elementor-animated-content\" href=\"https:\/\/home-hub.hu\/wp-content\/uploads\/2025\/11\/a6590a7f-b67b-46ec-9403-f67b85457f6a-1_all_248-min-scaled.jpg\" data-elementor-open-lightbox=\"yes\" data-elementor-lightbox-slideshow=\"bb1e668\" data-elementor-lightbox-title=\"a6590a7f-b67b-46ec-9403-f67b85457f6a-1_all_248-min\" data-e-action-hash=\"#elementor-action%3Aaction%3Dlightbox%26settings%3DeyJpZCI6NDYyLCJ1cmwiOiJodHRwczpcL1wvaG9tZS1odWIuaHVcL3dwLWNvbnRlbnRcL3VwbG9hZHNcLzIwMjVcLzExXC9hNjU5MGE3Zi1iNjdiLTQ2ZWMtOTQwMy1mNjdiODU0NTdmNmEtMV9hbGxfMjQ4LW1pbi1zY2FsZWQuanBnIiwic2xpZGVzaG93IjoiYmIxZTY2OCJ9\">\n\t\t\t\t\t<div class=\"e-gallery-image elementor-gallery-item__image\" data-thumbnail=\"https:\/\/home-hub.hu\/wp-content\/uploads\/2025\/11\/a6590a7f-b67b-46ec-9403-f67b85457f6a-1_all_248-min-1024x768.jpg\" data-width=\"800\" data-height=\"600\" aria-label=\"\" role=\"img\" ><\/div>\n\t\t\t\t\t\t\t\t\t\t\t<div class=\"elementor-gallery-item__overlay\"><\/div>\n\t\t\t\t\t\t\t\t\t\t\t\t\t\t<\/a>\n\t\t\t\t\t<\/div>\n\t\t\t\t\t<\/div>\n\t\t\t\t\t<\/div>\n\t\t\t\t<\/div>\n\t\t\t\t<\/div>\n\t\t","protected":false},"excerpt":{"rendered":"<p>Kor\u00e1bbi munk\u00e1inkr\u00f3l Gal\u00e9ria<\/p>\n","protected":false},"author":1,"featured_media":0,"parent":0,"menu_order":0,"comment_status":"closed","ping_status":"closed","template":"","meta":{"footnotes":""},"class_list":["post-130","page","type-page","status-publish","hentry"],"_links":{"self":[{"href":"https:\/\/home-hub.hu\/index.php\/wp-json\/wp\/v2\/pages\/130","targetHints":{"allow":["GET"]}}],"collection":[{"href":"https:\/\/home-hub.hu\/index.php\/wp-json\/wp\/v2\/pages"}],"about":[{"href":"https:\/\/home-hub.hu\/index.php\/wp-json\/wp\/v2\/types\/page"}],"author":[{"embeddable":true,"href":"https:\/\/home-hub.hu\/index.php\/wp-json\/wp\/v2\/users\/1"}],"replies":[{"embeddable":true,"href":"https:\/\/home-hub.hu\/index.php\/wp-json\/wp\/v2\/comments?post=130"}],"version-history":[{"count":13,"href":"https:\/\/home-hub.hu\/index.php\/wp-json\/wp\/v2\/pages\/130\/revisions"}],"predecessor-version":[{"id":473,"href":"https:\/\/home-hub.hu\/index.php\/wp-json\/wp\/v2\/pages\/130\/revisions\/473"}],"wp:attachment":[{"href":"https:\/\/home-hub.hu\/index.php\/wp-json\/wp\/v2\/media?parent=130"}],"curies":[{"name":"wp","href":"https:\/\/api.w.org\/{rel}","templated":true}]}}